5 = 4*s - 5*l, -4*s - 15 + y = -l. Suppose -s*w + 5*h + 40 = 0, 4*w - 3*h - 8 = 5*w. What is the units digit of w?
4
Let b(l) = l**2 + 10*l + 2. Let k be b(-9). Let j(t) = -t**2 - 8*t - 7. Let u be j(k). Suppose 5*c - 2*c - 39 = u. What is the units digit of c?
3
Let l = -10 - -14. Suppose -5*b = -18*b + 52. Suppose 3*v = -l*c + 15, -2*v + 3*v - 5 = -b*c. What is the units digit of v?
5
Let n = 25 - 6. Suppose -n = -2*z + 33. What is the tens digit of z?
2
What is the hundreds digit of (-11 + 128/48)*(-92 + -1)?
7
Let b(w) = 491*w**2 + 32*w - 65. What is the thousands digit of b(2)?
1
Let a = 14 - 10. Suppose a*b + 12 = -0*b, 4*k - 5*b = -497. What is the units digit of k/(-12)*3/1?
2
Let h be 3/(-9)*(-17 + 2). Suppose 0 = 4*d - 5*q - 34 - 45, h*d + q = 77. What is the tens digit of d?
1
Let k be (2 + -38)/((-18)/(-5) - 4). Let l = 7 + k. What is the tens digit of l?
9
Suppose -7*r + 22 = c - 2*r, 2 = c + r. Let f be c/(-7) - 4/(-7). What is the tens digit of 40*1 - (2 + f)?
3
Suppose -4*y = 5*r - 5*y + 7779, r - 4*y + 1552 = 0. What is the units digit of r/(-24) - 1/(-6)?
5
Suppose -259*z - 744 = -263*z. What is the hundreds digit of z?
1
Suppose 0 = 3*j - 2*j - 13. Suppose -5*y = 2*s - 35, -2*y + 82 - j = 3*s. Suppose -m - 5 = 4*x - s, -5*x + 3*m = -42. What is the units digit of x?
6
Let t be (3 - 2 - 2) + 15. Suppose 0*u = 2*u + u. Suppose 0 = -5*z + a + 47, -2*z + a + 3 + t = u. What is the units digit of z?
0
Let w = 1 + -5. Let b(r) = 9*r - 18. Let u(q) = -4*q + 9. Let y(f) = 2*b(f) + 5*u(f). What is the tens digit of y(w)?
1
Suppose 15*g - 3586 = 4*g. Suppose -138*f = -136*f - g. What is the tens digit of f?
6
Suppose -10672 = -21*a - 2*a. What is the hundreds digit of a?
4
Let v(f) = 2*f**3 + 7 - 2*f**3 - f**3 - f. Let z be 25/(30/6) + -5. What is the units digit of v(z)?
7
Suppose -17*h = n - 20*h - 172, -5 = 5*h. What is the units digit of n?
9
Let b be 9/6*(5 - -21). What is the hundreds digit of b/2*(15/3 - -1)?
1
Let z be (-5 - (3 + -6))*10/(-4). Suppose 3*n + 11 = -1, 2*n - 547 = -z*g. What is the hundreds digit of g?
1
Let u(y) = y**2 + 4*y - 4. Let l(q) = q - 8. Let h be l(4). Let c be u(h). Let t = c + 19. What is the tens digit of t?
1
Let r(i) = -i**2 - 10*i + 13. Let b be r(-11). Let c be ((-4)/2)/(-4 + b). What is the units digit of 3 - (-51 + 0 - c)?
5
Suppose -3*v + 501 = 159. Suppose 46 = -4*k + v. Suppose 0 = 3*x - k - 100. What is the units digit of x?
9
Let o = 621 - 103. What is the tens digit of o?
1
Suppose -c = 4 - 9. Let k(v) = -v**3 + 5*v**2 + 5*v - 6. What is the units digit of k(c)?
9
What is the tens digit of (25 + -2)/((-10)/(-270))?
2
Let h = 31 + -27. Suppose -h*s + 2*w + 73 - 23 = 0, 15 = -3*w. Suppose -s*n = -6*n - 148. What is the tens digit of n?
3
Let a(d) = -d**3 - 11*d**2 + 2*d + 22. Let h be -11*-4*(-2)/8. Let m be a(h). Suppose 4*b - 4*t - 128 = 60, 2*b + 4*t - 76 = m. What is the units digit of b?
4
Suppose -3*n + 1204 = 2*r, -4*n + 3*r = -2*n - 820. What is the tens digit of n?
0
Let c be (-2 + 1)*17*1. Let h = -142 - c. What is the units digit of 5/30 - h/6?
1
Let i(n) = -n**3 - n**2 + 6*n + 4. Let s be i(-3). Suppose -s*f - 5 + 213 = 0. Suppose f - 215 = -3*u - 4*r, -r = 4*u - 200. What is the units digit of u?
9
Suppose 4*z - 20 = 4*c, 4*c - 1 = -3*z - 0. Let h(u) = 1 - 5 + 0*u + u + 2 + 4. What is the units digit of h(z)?
5
Let h(k) = k**3 - 26*k**2 - 20*k - 36. Suppose 167 = 6*n + 5. What is the hundreds digit of h(n)?
1
Suppose -3*n = 5*k - 26 - 86, 3*n + k - 128 = 0. Let q = n - -29. What is the tens digit of q?
7
Suppose -5*r + 0*r = 3*s + 50, 5*r = 3*s + 10. Let b = s - -12. Suppose -5*p + 75 = b*y, y = p + 2*y - 12. What is the units digit of p?
7
Let p = 16 + -13. Suppose 0 = p*z - 0*z. Suppose -v + 5 = -4*r + 32, 3*r - 4*v - 17 = z. What is the units digit of r?
7
Suppose -6*v = -8230 - 9920. What is the hundreds digit of v?
0
Suppose 2*q = -q. Suppose 3*r - 187 = -2*o, 2*o + 2*o - 4*r - 324 = q. What is the tens digit of o?
8
Let p = 33 - 24. Let c = p - 88. Let b = -39 - c. What is the tens digit of b?
4
Let v be 1/4 + (-7)/(-4) + 0. Suppose 2*w = 4*w - 10. Suppose -w*c = 15, -67 = -v*d - 0*c - c. What is the units digit of d?
5
Suppose -4*c - 162 = -2*z, -z - 3*c = z - 190. Suppose 84*i = z*i - 880. What is the units digit of i?
6
Suppose 2*v = 3*v. Suppose 0 = -s - v*s. Suppose 2*t - 4*t + 60 = s. What is the tens digit of t?
3
Suppose 0 = -k - 5*o + 4, 0 = -0*k - 3*k - 3*o + 12. Let s = -38 - -98. Suppose s = k*n - n. What is the tens digit of n?
2
Suppose 0 = 2*j + 2*u - 950, -5*u = -u - 4. What is the units digit of j?
4
Suppose 3809 = 4*h + c, 2*h - 976 = h - 5*c. What is the units digit of h?
1
Suppose 3*k = 0, 3*p - p + 4*k + 12 = 0. Let d(s) = -s**3 - 5*s**2 - 3*s + 9. What is the units digit of d(p)?
3
What is the hundreds digit of 3/((-54)/12) + 92470/42?
2
Suppose -7*q = 15*q - 43912. What is the tens digit of q?
9
Let d = -18 - -20. Let t(o) = -o**3 - 9*o - 2*o**d - 2 - 9*o**2 + 3*o**2. What is the units digit of t(-7)?
2
Suppose -3*a - a = -u - 3736, -5*a = -4*u - 4681. What is the tens digit of a?
3
Let d = 12 - 137. Let t = -49 - d. What is the tens digit of t?
7
Let u = -29 - -29. Suppose 9*f - f - 1280 = u. What is the tens digit of f?
6
Suppose 0 = 5*b - 3*b - 4, -4*d = -4*b + 24. Let s(w) = -39*w + 6. Let o be s(d). Let j = o - 108. What is the tens digit of j?
5
Suppose -3*b + 67 = b + 5*t, -2*t + 16 = b. Let g = b - 18. Suppose g = m - 4*m + 9. What is the units digit of m?
3
Let s be (-13 - -1)/(-3) - 1. Let g be (s/(-3))/1*0. Suppose -f + 3*f - 8 = g. What is the units digit of f?
4
Suppose -12311 = -16*t + 3017. What is the units digit of t?
8
Suppose -w = 3*d - 174, -21*d = -3*w - 20*d + 522. What is the units digit of w?
4
Let x(w) = -w**3 + 12*w**2 - 12*w - 4. Let n(o) = o**3 + 16*o**2 + 2*o + 36. Let q be n(-16). What is the tens digit of x(q)?
7
Suppose 0 = -5*l + 3*u + 796, -4*l - u + 624 = 3*u. What is the hundreds digit of l?
1
Let t be -13*(5 - (3 + -2)) + 3. Let p = -22 - t. What is the tens digit of p?
2
Suppose -o + 6*o - 4*u = 10576, -4*o = 3*u - 8436. What is the tens digit of o?
1
Let z(m) = -5*m + 1. Let x be z(1). Let l be -1 - (4 + -3 + x). Suppose -4*p = 5*k - 55, -p - 5*k - l - 3 = 0. What is the tens digit of p?
2
Let a(o) = -o - 4. Let f(v) = 4*v + 12. Let x(n) = 7*a(n) + 2*f(n). Let c be x(7). Suppose -2*i + 20 = 5*q, q - c*i = -i + 4. What is the units digit of q?
4
Suppose 39*f = 30*f + 12852. What is the tens digit of f?
2
Suppose 88201 - 571321 = -120*p. What is the hundreds digit of p?
0
Let y(t) = 18*t**3 - 9*t**2 + 4*t + 1. What is the units digit of y(3)?
8
Let y(g) = g**2 + 9*g. Let k = -19 + 8. Let o be y(k). Suppose 2*p + o = 3*w, -w = -0*w + p - 4. What is the units digit of w?
6
Let n be 7/1*(14 + -13). Suppose 4*i = z + 96, 3*i + 2*z = n*z + 55. What is the units digit of i?
5
Let y(o) = -o**2 - 14*o + 1. Let f be y(-9). Suppose -5*q = f - 1006. What is the tens digit of q?
9
Let f = -87 - -57. Let u be (30/18)/((-1)/f). Let b = u + -35. What is the tens digit of b?
1
Let f = 488 + 454. What is the units digit of f?
2
Suppose -4*s = 60 - 440. What is the tens digit of s?
9
Let b(r) = -6*r + 10. Let v be b(8). Suppose 12 = -3*g, 454 = f + 4*f - g. Let l = f + v. What is the units digit of l?
2
What is the tens digit of (149210/(-172))/(((-2)/(-2))/(-6))?
0
Let w = -1763 - -3801. What is the thousands digit of w?
2
Suppose 21*z - 16 = 20*z. Suppose -17*l + 55 = -z*l. What is the units digit of l?
5
Suppose 0*u + 911 = 2*u - 3*r, -u - r + 448 = 0. Suppose z = -3*y - 12 + u, 0 = 2*y + 3*z - 302. What is the hundreds digit of y?
1
Let d(g) = -1494*g**3 - g**2 + 2*g + 2. What is the tens digit of d(-1)?
9
Suppose 3*l - 297 - 301 = 4*h, -5*h + 4*l = 748. What is the hundreds digit of -6*h/6 - 36/9?
1
Suppose -29*o + 80974 - 8561 = 0. What is the hundreds digit of o?
4
Let j = 15 - 5. Suppose 4*y = -5*u - 12, -2*u + 0*u - j = -y. Suppose -y*d + 18 = -0*d. What is the units digit of d?
9
Suppose i - 4253 = 3*v, 2*v - 25725 = -4*i - 8671. What is the tens digit of i?
6
Let u = -4971 - -2307. What is the tens digit of u/(-30) - (-12)/(-15)?
8
What is the units digit of ((-54)/(-45))/(6/4930)?
6
Let u be (-656)/(-10)*40/16. S